). Let z = w - -36. Suppose 0 = -5*j + z*j - 64. What is the units digit of j?
6
Let z(r) = -4*r**2 - 145*r + 6. What is the hundreds digit of z(-16)?
3
Suppose 3*a + 16 = 31. What is the tens digit of 123*a/15*2?
8
Suppose -17*q = 6*q - 2645. What is the units digit of q?
5
Suppose 53946 = 62*i + 12*i. What is the tens digit of i?
2
Let s(d) be the second derivative of d**4/12 - 3*d**3/2 + 4*d**2 - 9*d. Let i be s(8). Suppose i = -4*v + 201 + 31. What is the units digit of v?
8
Let c(q) = 9*q**2 - 12*q + 3. Let v(u) = 9*u**2 - 13*u + 2. Let g(n) = -3*c(n) + 2*v(n). Let l be g(5). What is the tens digit of 8/28 + l/(-7)?
2
Suppose 50*i - 45*i - 1620 = 0. What is the tens digit of i?
2
What is the hundreds digit of (2 - 7) + 7695/5?
5
Suppose r = -3*n + 1273, -9*r + 7*r = 3*n - 2540. What is the units digit of r?
7
Suppose -39*t + 10410 + 49221 = 0. What is the units digit of t?
9
Suppose 20*d - 18*d = -84. Let z = d + 82. Suppose 3*b - z - 16 = -4*w, -2*b + 4*w = -24. What is the tens digit of b?
1
What is the tens digit of 1 + 20*(-39)/(-2)?
9
Let u(t) = -t**2 + t + 39. Let j be u(0). Let z = 225 + 8. Suppose -5*a + 4*w + z = 0, a + w = -2*w + j. What is the units digit of a?
5
Let f(k) be the second derivative of -k**4/12 - 4*k**3/3 - k**2/2 - 11*k. What is the units digit of f(-6)?
1
Let q = -49 + 88. What is the tens digit of (-1094)/(-13) - 6/q?
8
Suppose -13*d - 16*d = -33*d. Suppose 4*l - 20 = d, t = -2*l + 14 + 205. What is the tens digit of t?
0
Let b = -108 - -110. Suppose b*p = 45 + 55. What is the units digit of p?
0
Suppose 2*z = -2*i - 2*z + 1288, 2*i + 3*z - 1286 = 0. What is the tens digit of i?
4
Let q = 52 - -1. Suppose 158 - q = 5*x. What is the tens digit of x?
2
Let j = 28 + -16. Let n(y) = -y**2 + 15*y - 13. What is the tens digit of n(j)?
2
Suppose 5*h - a - 28 = -2*a, -4*a = 5*h - 37. Suppose 2*l + h = -7. Let p(v) = v**3 + 7*v**2 + 3*v + 4. What is the tens digit of p(l)?
2
Suppose 190 = 2*s + 60. Let h = s + -64. What is the units digit of h?
1
Suppose 169 = m + 58. Let u = 387 - m. What is the hundreds digit of u?
2
Let i(s) = s**3 + 8*s**2 - 40*s + 8. What is the tens digit of i(-11)?
8
Suppose 2*s = 10, 5*q + 12016 = s + 29956. What is the hundreds digit of q?
5
Let u = -23 - -17. Let y(m) = -m - 5. Let s be y(u). Suppose -29 - s = -5*l. What is the units digit of l?
6
Suppose 2*s - 5*q = 10403, 3*s - 4*q = 12907 + 2715. What is the hundreds digit of s?
2
Let h(i) = 301*i**3 + 2*i**2 - 1. Let a be h(1). Suppose -5*u + 4*c - 309 = 0, -5*u = c + 2*c + a. Let s = u + 102. What is the tens digit of s?
4
Let m = -24 - 20. Let h = m + 21. Let t = h + 68. What is the tens digit of t?
4
Let l(n) = n**2 - 5*n + 2. Let i be l(5). Suppose -3*h = -4*g - 0*h + 12, 15 = 5*g + i*h. What is the units digit of g?
3
Suppose -4*o + 413 = i, 12*i - 7*i + 2*o = 1993. What is the hundreds digit of i?
3
Suppose -s + 0*s = -2. Let a(c) be the third derivative of c**6/120 - c**5/30 + c**4/12 - c**3/3 - 259*c**2. What is the units digit of a(s)?
2
Let z = 774 - 534. What is the units digit of (2/6)/(5/z)?
6
Suppose 0 = -5*h, -5*q - 10 = -0*q + 3*h. What is the units digit of ((-1)/q)/(24/672)?
4
Let l(f) = -f**3 - f**2 - 9. Let s be l(-4). Let x be (-21 - -2)/1 - -2. Let g = x + s. What is the units digit of g?
2
Let o(k) = 699*k**2 + 5*k - 3. What is the units digit of o(1)?
1
Suppose 0 = -7*l + 23*l - 27376. What is the tens digit of l?
1
Suppose 3*g - 902 = -5*a + 6*a, 2*g - 5*a = 610. What is the units digit of g?
0
What is the tens digit of -12*((-3045)/11 + (-66)/363)?
2
Let b(f) = -f + 6. Let q = -4 + 11. Let t be b(q). What is the units digit of 0 + 2 - t - -2?
5
What is the tens digit of (-7 - (-212)/(-12))*-96?
6
Let h(q) = -15*q**3 + 2*q**2 + 2*q + 1. Let m be (8/(-14))/(10/(-35)). Suppose -5*z + 18 = m*d, d + 11 = 2*d + 3*z. What is the tens digit of h(d)?
1
Let v(q) be the second derivative of q**5/20 - 5*q**4/6 - 2*q**3 + 12*q**2 + 226*q. Suppose 0 = 4*b - 38 - 6. What is the units digit of v(b)?
3
Let n be (-1 - -2)/((-11)/517). Let b = -24 - n. What is the tens digit of b?
2
Let f be ((-30)/4)/((-9)/(-12)). Let n = 18 + f. What is the units digit of n?
8
Suppose -17*b = -10158 - 569. What is the units digit of b?
1
Let y be -1 + 1 + -1 + -8. Let x = y - 5. What is the tens digit of (-46)/(-3) - x/21?
1
Let i(d) = -2*d**2 - 13*d + 5. Let o(c) = -c**2 + 1. Let s(q) = -i(q) + 3*o(q). What is the tens digit of s(11)?
2
Suppose 2*z = -3*j + z + 14, 5*z - 20 = -5*j. Suppose 2*x = -j*q + 892, q = -0*q - 2*x + 180. What is the units digit of q?
8
Let y = -11 + 22. Let t = 13 - y. Suppose 0 = -0*x - x + 4, 0 = 3*p - t*x - 109. What is the tens digit of p?
3
Suppose 0 = 10*c - 32 - 8. Suppose c*r = -r + 1475. What is the hundreds digit of r?
2
Suppose 1643 + 1423 = 21*p. What is the tens digit of p?
4
Suppose 6 = n + n. Suppose 5*t = n*t + 82. What is the tens digit of t?
4
Let a be 27/18 + 61/2. Let f = a - -140. What is the tens digit of f?
7
Suppose 31262 = 17*q - 68834. What is the hundreds digit of q?
8
Let m = 256 + -165. What is the tens digit of m?
9
Let u(i) = i**3 + 21*i**2 + 29*i + 32. What is the units digit of u(-10)?
2
Suppose h - 3*r = 2378, 0 = -h - 33*r + 29*r + 2406. What is the tens digit of h?
9
Suppose 22 - 10 = 4*x. Suppose 15 = -6*l + x*l. What is the units digit of (-6)/3*(l + 3)?
4
Suppose -4*f - 358 = -5*s, -2*s - 3*s + 3*f + 356 = 0. Suppose -s = 9*j - 11*j. What is the tens digit of j?
3
Suppose 4*x - 105 = x. Suppose -o + x = -54. What is the tens digit of o?
8
Suppose -6*z + 4038 + 1842 = 0. What is the hundreds digit of z?
9
Let q(u) = -47*u + 134. What is the tens digit of q(-12)?
9
Let x be ((-40)/(-4))/(-5) + -384. Let b = x + 735. What is the hundreds digit of b?
3
Let x = 1126 + 718. What is the hundreds digit of x?
8
Let z = -10 - -4. Let r be (-4)/z + (-2695)/(-21). Suppose -5*x + r = 19. What is the units digit of x?
2
Let k be -25*(4/(-10) - 0). Suppose -5*j + 10 = -k. Suppose 3*f = j*i - 34, -i - 3*f = -6*i + 44. What is the units digit of i?
0
Suppose 131*i = 154*i - 552. Suppose 0 = 4*t - q - 4, 4*q = t - 0*t + 14. Suppose -108 = -t*j - i. What is the units digit of j?
2
Suppose -3*g = -4*w + 248, 6*w + 4*g = 9*w - 186. What is the units digit of w?
2
Let m(h) = h**3 + 7*h**2 - 7*h + 8. Let p be m(-8). Suppose p = f - 26 - 25. What is the tens digit of f?
5
Suppose -32*w = -34*w. Suppose -3*j - 3*r + 180 = -w*j, 0 = -r - 3. What is the tens digit of j?
6
Suppose -w + 108 - 862 = -3*l, -4*w + 734 = 3*l. What is the units digit of l?
0
What is the units digit of (-7 - -4 - -11) + 1080?
8
Suppose 2770*t - 2762*t = 2032. What is the units digit of t?
4
Let f be (-2)/(-10) - 34/(-5). Let z = f - 2. Suppose -z*c - h + 4 = 0, h - 1 = -5*c - 3*h. What is the units digit of c?
1
Let b(i) = i**3 - i**2 + i + 110. Suppose -4*z = 8*z. What is the hundreds digit of b(z)?
1
Suppose 8*b + 2*w = 9*b - 11, -5*b + 10 = 5*w. Suppose y = -3*p + 4*y + 663, -888 = -4*p + b*y. What is the hundreds digit of p?
2
Let b = 2764 + 294. What is the units digit of b?
8
Let o = 21 + -19. Let m = o - -7. Suppose -7*n - 30 = -m*n. What is the units digit of n?
5
Suppose -14 + 4 = -2*i. Let s be (16/10)/((-12)/(-30)). Suppose 5*d + 4*q = 157, 173 = i*d - 0*q - s*q. What is the tens digit of d?
3
Suppose -5*r = -6*r. Let x be r + 2/(-4)*-2. Suppose -x = -b + 12. What is the units digit of b?
3
Let s = -21 + 25. Suppose -d + 5*i = -72, 4*i + 75 + 181 = s*d. Suppose -2*k = -4*z - d, k - 6*k - 5*z = -215. What is the tens digit of k?
3
Let n(a) = 2*a**2 + 7*a - 10. Suppose 8 = -2*f - 0*f. Let t be (21/(-12))/(f/(-16)). What is the tens digit of n(t)?
3
Let b(r) = -18*r - 80. What is the hundreds digit of b(-14)?
1
Let j = -965 - -1607. What is the tens digit of j?
4
Suppose -2*x = -4*n, -3*x - 2*x - 18 = -4*n. Let h(d) = -d**3 - 7*d**2 - 4*d + 7. Let i be h(x). Let y = i + 18. What is the tens digit of y?
1
Let g = -11 - -16. Suppose -m + 5 = 0, -g*m + 4*m - 54 = c. Let a = 117 + c. What is the tens digit of a?
5
Let k = -7 + 11. Suppose z + 55 = -k*z. What is the units digit of (-5 - z)/((-2)/(-3))?
9
Suppose -4*l + l = -6. Suppose 3*q = l*k + 6 - 0, k = 3*q - 6. What is the units digit of (q/(-6))/(2/(-54))?
9
Let l = -48 